{"id":79,"date":"2011-06-04T10:48:32","date_gmt":"2011-06-04T10:48:32","guid":{"rendered":"http:\/\/rybari2.pohoda.com\/?page_id=79"},"modified":"2017-06-08T15:22:07","modified_gmt":"2017-06-08T13:22:07","slug":"fotogalerie","status":"publish","type":"page","link":"https:\/\/rybari.pohoda.com\/?page_id=79","title":{"rendered":"Fotogalerie"},"content":{"rendered":"<h2><strong><span style=\"text-decoration: underline;\">M\u00edstn\u00ed rev\u00edry:<\/span><\/strong><\/h2>\nngg_shortcode_0_placeholder\n<h2><strong><span style=\"text-decoration: underline;\">Sob\u011bnov:<\/span><\/strong><\/h2>\nngg_shortcode_1_placeholder\n<h2><span style=\"text-decoration: underline;\">Trofeje:<\/span><\/h2>\nngg_shortcode_2_placeholder\n<h2><span style=\"text-decoration: underline;\">S\u00eddlo MO2:<\/span><\/h2>\nngg_shortcode_3_placeholder\n<h2><span style=\"text-decoration: underline;\">Z\u00e1vody \u0160tilec 2017:<\/span><\/h2>\nngg_shortcode_4_placeholder\n","protected":false},"excerpt":{"rendered":"<p>M\u00edstn\u00ed rev\u00edry: Sob\u011bnov: Trofeje: S\u00eddlo MO2: Z\u00e1vody \u0160tilec 2017:<\/p>\n","protected":false},"author":1,"featured_media":0,"parent":0,"menu_order":4,"comment_status":"open","ping_status":"open","template":"","meta":{"ngg_post_thumbnail":0,"footnotes":""},"class_list":["post-79","page","type-page","status-publish","hentry"],"_links":{"self":[{"href":"https:\/\/rybari.pohoda.com\/index.php?rest_route=\/wp\/v2\/pages\/79","targetHints":{"allow":["GET"]}}],"collection":[{"href":"https:\/\/rybari.pohoda.com\/index.php?rest_route=\/wp\/v2\/pages"}],"about":[{"href":"https:\/\/rybari.pohoda.com\/index.php?rest_route=\/wp\/v2\/types\/page"}],"author":[{"embeddable":true,"href":"https:\/\/rybari.pohoda.com\/index.php?rest_route=\/wp\/v2\/users\/1"}],"replies":[{"embeddable":true,"href":"https:\/\/rybari.pohoda.com\/index.php?rest_route=%2Fwp%2Fv2%2Fcomments&post=79"}],"version-history":[{"count":51,"href":"https:\/\/rybari.pohoda.com\/index.php?rest_route=\/wp\/v2\/pages\/79\/revisions"}],"predecessor-version":[{"id":2153,"href":"https:\/\/rybari.pohoda.com\/index.php?rest_route=\/wp\/v2\/pages\/79\/revisions\/2153"}],"wp:attachment":[{"href":"https:\/\/rybari.pohoda.com\/index.php?rest_route=%2Fwp%2Fv2%2Fmedia&parent=79"}],"curies":[{"name":"wp","href":"https:\/\/api.w.org\/{rel}","templated":true}]}}