{"id":172,"date":"2011-06-24T13:38:52","date_gmt":"2011-06-24T13:38:52","guid":{"rendered":"http:\/\/rybari.pohoda.com\/?page_id=172"},"modified":"2025-04-08T11:08:42","modified_gmt":"2025-04-08T09:08:42","slug":"172-2","status":"publish","type":"page","link":"https:\/\/rybari.pohoda.com\/?page_id=172","title":{"rendered":"Provozn\u00ed \u0159\u00e1d &#8211; rekrea\u010dn\u00ed za\u0159\u00edzen\u00ed"},"content":{"rendered":"<h1 style=\"text-align: center;\">PROVOZN\u00cd \u0158\u00c1D<\/h1>\n<h2 style=\"text-align: center;\">Chaty D\u011bkansk\u00e9 Skaliny \u2013 Sob\u011bnov<\/h2>\n<p>V\u00edt\u00e1me V\u00e1s v\u00a0ryb\u00e1\u0159sk\u00e9m are\u00e1lu D\u011bkansk\u00e9 Skaliny \u010cesk\u00e9ho ryb\u00e1\u0159sk\u00e9ho svazu \u2013 M\u00edstn\u00ed organizace \u010d. 2 \u010cesk\u00e9 Bud\u011bjovice.<\/p>\n<p>P\u0159i sv\u00e9m pobytu se pros\u00edm, \u0159i\u010fte t\u00edmto provozn\u00edm \u0159\u00e1dem a pokyny spr\u00e1vce.<\/p>\n<h2 style=\"text-align: center;\">I<\/h2>\n<ol>\n<li style=\"text-align: justify;\">Chaty jsou ur\u010deny k\u00a0rekreaci ne jako turistick\u00e1 ubytovna.<\/li>\n<li style=\"text-align: justify;\">Rekrea\u010dn\u00ed za\u0159\u00edzen\u00ed bude tak\u00e9 slou\u017eit pro p\u0159echodn\u00fd pobyt \u010dlen\u016f vykon\u00e1vaj\u00edc\u00edch brig\u00e1dnickou \u010dinnost.<\/li>\n<li style=\"text-align: justify;\">Za provoz chat D\u011bkansk\u00e9 Skaliny odpov\u00edd\u00e1 v\u00fdbor m\u00edstn\u00ed organizace, kter\u00fd pov\u011b\u0159\u00ed \u010dleny v\u00fdboru k zaji\u0161t\u011bn\u00ed realizace provozn\u00edho \u0159\u00e1du chat a jejich bezporuchov\u00fd provoz.<\/li>\n<li style=\"text-align: justify;\">Pov\u011b\u0159en\u00ed \u010dlenov\u00e9 v\u00fdboru maj\u00ed pr\u00e1vo kontroly dodr\u017eov\u00e1n\u00ed provozn\u00edho \u0159\u00e1du, jako\u017e i klidu a po\u0159\u00e1dku v chat\u00e1ch a v p\u0159\u00edpad\u011b zji\u0161t\u011bn\u00ed z\u00e1va\u017en\u00fdch poru\u0161en\u00ed provozn\u00edho \u0159\u00e1du, \u00a0ukon\u010d\u00ed rekreaci\u00a0 ubytovan\u00fdch osob a to bez n\u00e1roku na\u00a0 vr\u00e1cen\u00ed pen\u011bz za rekreaci!<\/li>\n<li style=\"text-align: justify;\">P\u0159ihl\u00e1\u0161en\u00edm k\u00a0rekreaci a zaplacen\u00edm poplatku za ubytov\u00e1n\u00ed bere ubytovan\u00fd na v\u011bdom\u00ed ustanoven\u00ed tohoto provozn\u00edho \u0159\u00e1du a zavazuje se jej respektovat.<\/li>\n<li>Kontaktn\u00ed telefonn\u00ed \u010d\u00edsla:603 320 043, 723 468 808, 386 466 330<\/li>\n<\/ol>\n<h2 style=\"text-align: center;\">II<\/h2>\n<h2 style=\"text-align: center;\">Rekrea\u010dn\u00ed pobyt<\/h2>\n<ol>\n<li>Z\u00e1vazn\u00e9 p\u0159ihl\u00e1\u0161en\u00ed u hospod\u00e1\u0159e a v kancel\u00e1\u0159i MO po cel\u00fd rok.<\/li>\n<li>Rekreace za\u010d\u00edn\u00e1 1. \u010dervna kon\u010d\u00ed 31. \u0159\u00edjna.<\/li>\n<li><span style=\"color: #ff0000;\"><strong>T\u00fdden\u00ed rekreace za\u010d\u00edn\u00e1 v ned\u011bli 14,00 hodin a kon\u010d\u00ed v ned\u011bli v13,00 hodin.<\/strong><\/span><\/li>\n<li>Poplatek bude \u00fa\u010dtov\u00e1n za ka\u017edou noc. Polatek za ka\u017edou noc topen\u00ed (n\u00e1kup d\u0159eva) bude \u00fa\u010dtov\u00e1n za m\u011bs\u00edce z\u00e1\u0159\u00ed,\u0159\u00edjen dle aktu\u00e1ln\u00ed situace na trhu.<\/li>\n<li>Z\u00e1vaznou objedn\u00e1vku rekreace je pot\u0159eba u\u010dinit zpravidla minim\u00e1ln\u011b jeden m\u011bs\u00edc p\u0159ed po\u017eadovan\u00fdm term\u00ednen.Nejpozd\u011bji dva t\u00fddny p\u0159ed term\u00ednem n\u00e1stupu na rekreaci je objednavatel (rekreant) povinen zaplatit v pln\u00e9 v\u00fd\u0161i poplatek za pobyt;do zaplacen\u00ed poplatku nelze pova\u017eovat objedn\u00e1vku a rezervaci pobytu za z\u00e1vaznou.V p\u0159\u00edpad\u011b jednostran\u00e9ho zru\u0161en\u00ed rekreace v dob\u011b \u010dtrn\u00e1ct dn\u016f a\u017e \u010dty\u0159i dny p\u0159ed po\u017eadovan\u00fdm term\u00ednem n\u00e1stupu,vznik\u00e1 m\u00edstn\u00ed organizaci n\u00e1rok na strorno poplatek ve v\u00fd\u0161i jedn\u00e9 poloviny \u010d\u00e1stky poplatku za ubytov\u00e1n\u00ed a bude zapo\u010dten a sra\u017een p\u0159i vr\u00e1cen\u00ed poplatku objednateli.V p\u0159\u00edpad\u011b zru\u0161en\u00ed objedn\u00e1vky v dob\u011b krat\u0161\u00ed,ne\u017e \u010dty\u0159i dny p\u0159ed p\u0159edpokl\u00e1dan\u00fdm n\u00e1stupem,\u010din\u00ed storno poplatek n\u00e1le\u017eej\u00edc\u00ed m\u00edstn\u00ed organizaci 100% poplatku za ubytov\u00e1n\u00ed,tzn.n\u00e1rok na vr\u00e1cen\u00ed poplatku za ubytov\u00e1n\u00ed v takov\u00e1m p\u0159\u00edpad\u011b, po zapo\u010dten\u00ed stornopoplatku,nevznik\u00e1.<\/li>\n<li>Za\u0159\u00edzen\u00ed chat a stav chat bude p\u0159ed\u00e1no p\u0159i za\u010d\u00e1tku rekreace a t\u00e9\u017e po skon\u010den\u00ed rekreace.<\/li>\n<li>Lo\u017en\u00ed pr\u00e1dlo si ka\u017ed\u00fd rekreant zaji\u0161\u0165uje s\u00e1m.Je Zak\u00e1z\u00e1no pou\u017e\u00edvat deky , pol\u0161t\u00e1\u0159e a prost\u011bradla nepovle\u010den\u00e9.<\/li>\n<\/ol>\n<h2 style=\"text-align: center;\">III<\/h2>\n<h2 style=\"text-align: center;\">Povinnosti rekreant\u016f<\/h2>\n<ol>\n<li style=\"text-align: justify;\">Je zak\u00e1z\u00e1na manipulace se za\u0159\u00edzen\u00edm chat (p\u0159en\u00e1\u0161en\u00ed n\u00e1bytku, n\u00e1dob\u00ed a atd.)<\/li>\n<li style=\"text-align: justify;\">Rekreanti odpov\u00eddaj\u00ed za bezpe\u010dn\u00fd provoz za\u0159\u00edzen\u00ed. Jsou povinni db\u00e1t, aby nedo\u0161lo ke \u0161kod\u011b na ubytovac\u00edm za\u0159\u00edzen\u00ed a jeho vybaven\u00ed. Ka\u017edou \u0161kodu je t\u0159eba hl\u00e1sit odpov\u011bdn\u00e9 osob\u011b nebo jej\u00edmu z\u00e1stupci.<\/li>\n<li style=\"text-align: justify;\">Vybaven\u00ed spole\u010dn\u00fdch prostor je zak\u00e1z\u00e1no ni\u010dit, u\u017e\u00edvat se sm\u00ed pouze pro \u00fa\u010dely, ke kter\u00fdm je ur\u010deno.<\/li>\n<li style=\"text-align: justify;\">V\u00a0chat\u00e1ch je zak\u00e1z\u00e1no kou\u0159it.<\/li>\n<li style=\"text-align: justify;\">Komun\u00e1ln\u00ed odpad je nutno ukl\u00e1dat do n\u00e1dob k\u00a0tomuto \u00fa\u010delu ur\u010den\u00fdch.<\/li>\n<li style=\"text-align: justify;\">Rekreanti si \u00faklid zaji\u0161\u0165uj\u00ed sami a po ukon\u010den\u00ed rekreace p\u0159edaj\u00ed chaty \u2013 m\u00edstnosti \u0159\u00e1dn\u011b uklizen\u00e9, nepo\u0161kozen\u00e9 a s\u00a0vybaven\u00edm dle invent\u00e1rn\u00edch seznam\u016f.<\/li>\n<li style=\"text-align: justify;\">\u0160kody vznikl\u00e9 na majetku je rekreant povinen uhradit.<\/li>\n<li style=\"text-align: justify;\">V chat\u011b nesm\u00ed p\u0159esp\u00e1vat osoby, kter\u00e9 nebyly ohl\u00e1\u0161eny a zaps\u00e1ny do knihy ubytovan\u00fdch. Kontrolu prov\u00e1d\u00ed pov\u011b\u0159en\u00e1 osoba nebo jej\u00ed z\u00e1stupce. Rekreant bere na v\u011bdom\u00ed, \u017ee p\u0159i zji\u0161t\u011bn\u00ed nedostatku bude p\u0159edeps\u00e1na a vym\u00e1h\u00e1na majetkov\u00e1 sankce ve v\u00fd\u0161i 2 000,-K\u010d, kterou je povinen uhradit p\u0159ihl\u00e1\u0161en\u00fd rekreant.<\/li>\n<li style=\"text-align: justify;\">P\u0159i pou\u017eit\u00ed kamen je nutno po vyhasnut\u00ed ohn\u011b je vy\u010distit a ve\u0161ker\u00e9 d\u0159evo odn\u00e9st zp\u011bt. <span style=\"color: #ff0000;\"><strong>P\u0159ipraven\u00e9 d\u0159evo se sm\u00ed pou\u017e\u00edvat jen do kamen.<\/strong><\/span> P\u0159i zji\u0161t\u011bn\u00ed,\u017ee p\u0159ipraven\u00e9 d\u0159evo na otop se pou\u017e\u00edv\u00e1 jin\u00fdm zp\u016fsobem bude vym\u00e1hana majetkov\u00e1 sankce ve v\u00fd\u0161i 2 000,-K\u010d.<\/li>\n<li style=\"text-align: justify;\"><strong><span style=\"color: #ff0000;\">Rozd\u011bl\u00e1vat otev\u0159en\u00fd ohe\u0148 je zak\u00e1z\u00e1no<\/span> a to i v grilech a ostatn\u00edch za\u0159\u00edzen\u00edch.<\/strong> <span style=\"color: #ff0000;\"><strong>V grilech je povoleno pouz\u00edvat jen d\u0159ev\u011bn\u00e9 uhl\u00ed nebo brikety.<\/strong><\/span><\/li>\n<li style=\"text-align: justify;\">No\u010dn\u00ed klid bude dodr\u017eov\u00e1n v dob\u011b od 22,00 do 7,00 hodin.<\/li>\n<li style=\"text-align: justify;\">Pou\u017e\u00edv\u00e1n\u00ed vlastn\u00edch elektrospot\u0159ebi\u010d\u016f je zak\u00e1z\u00e1no.<\/li>\n<li style=\"text-align: justify;\">V chat\u00e1ch a okol\u00ed je nutno udr\u017eovat po\u0159\u00e1dek.<\/li>\n<li style=\"text-align: justify;\">Psi,ko\u010dky a jin\u00e9 dom\u00e1c\u00ed mazl\u00ed\u010dky mo\u017eno vz\u00edt sebou na rekreaci (zdarma), pokud maj\u00ed ve\u0161ker\u00e9 veterin\u00e1ln\u00ed doklady v po\u0159\u00e1dku. Tyto doklady je nutn\u00e9 m\u00edt sebou.<\/li>\n<li style=\"text-align: justify;\">\u0160kr\u00e1b\u00e1n\u00ed a kuch\u00e1n\u00ed ryb v okol\u00ed chat je p\u0159\u00edsn\u011b zak\u00e1z\u00e1no, stejn\u011b jako vhazov\u00e1n\u00ed zbytk\u016f ryb do n\u00e1dob na komun\u00e1ln\u00ed odpad v are\u00e1lu.<\/li>\n<\/ol>\n<p>P\u0159ejeme V\u00e1m p\u0159\u00edjemn\u00fd pobyt!<\/p>\n<p>Dne 1. 10. 2022<\/p>\n<p>Za v\u00fdbor MO:<br \/>\nP\u0159edseda \u2013 Jan Sk\u00e1la<br \/>\nJednatel \u2013 Mgr. Ji\u0159\u00ed \u0158eho\u0159<\/p>\n","protected":false},"excerpt":{"rendered":"<p>PROVOZN\u00cd \u0158\u00c1D Chaty D\u011bkansk\u00e9 Skaliny \u2013 Sob\u011bnov V\u00edt\u00e1me V\u00e1s v\u00a0ryb\u00e1\u0159sk\u00e9m are\u00e1lu D\u011bkansk\u00e9 Skaliny \u010cesk\u00e9ho ryb\u00e1\u0159sk\u00e9ho svazu \u2013 M\u00edstn\u00ed organizace \u010d. 2 \u010cesk\u00e9 Bud\u011bjovice. P\u0159i sv\u00e9m pobytu se pros\u00edm, \u0159i\u010fte t\u00edmto provozn\u00edm \u0159\u00e1dem a pokyny spr\u00e1vce. I Chaty jsou ur\u010deny k\u00a0rekreaci ne jako turistick\u00e1 ubytovna. Rekrea\u010dn\u00ed za\u0159\u00edzen\u00ed bude tak\u00e9 slou\u017eit pro p\u0159echodn\u00fd pobyt \u010dlen\u016f vykon\u00e1vaj\u00edc\u00edch brig\u00e1dnickou [&hellip;]<\/p>\n","protected":false},"author":1,"featured_media":0,"parent":303,"menu_order":1,"comment_status":"closed","ping_status":"closed","template":"","meta":{"ngg_post_thumbnail":0,"footnotes":""},"class_list":["post-172","page","type-page","status-publish","hentry"],"_links":{"self":[{"href":"https:\/\/rybari.pohoda.com\/index.php?rest_route=\/wp\/v2\/pages\/172","targetHints":{"allow":["GET"]}}],"collection":[{"href":"https:\/\/rybari.pohoda.com\/index.php?rest_route=\/wp\/v2\/pages"}],"about":[{"href":"https:\/\/rybari.pohoda.com\/index.php?rest_route=\/wp\/v2\/types\/page"}],"author":[{"embeddable":true,"href":"https:\/\/rybari.pohoda.com\/index.php?rest_route=\/wp\/v2\/users\/1"}],"replies":[{"embeddable":true,"href":"https:\/\/rybari.pohoda.com\/index.php?rest_route=%2Fwp%2Fv2%2Fcomments&post=172"}],"version-history":[{"count":10,"href":"https:\/\/rybari.pohoda.com\/index.php?rest_route=\/wp\/v2\/pages\/172\/revisions"}],"predecessor-version":[{"id":2150,"href":"https:\/\/rybari.pohoda.com\/index.php?rest_route=\/wp\/v2\/pages\/172\/revisions\/2150"}],"up":[{"embeddable":true,"href":"https:\/\/rybari.pohoda.com\/index.php?rest_route=\/wp\/v2\/pages\/303"}],"wp:attachment":[{"href":"https:\/\/rybari.pohoda.com\/index.php?rest_route=%2Fwp%2Fv2%2Fmedia&parent=172"}],"curies":[{"name":"wp","href":"https:\/\/api.w.org\/{rel}","templated":true}]}}